ors of h(s)?
3, 5
Suppose 3 - 11 = 2*z + 5*r, z = 3*r - 4. Let b(w) = -52*w - 20. List the prime factors of b(z).
2, 47
What are the prime factors of 6 + -9 + -1 - (-3 + -928)?
3, 103
Let m(o) = -2357*o**3 + o**2 + 8*o + 9. List the prime factors of m(-1).
7, 337
Let l(u) = -17*u**2 + u - 2. Let y be l(1). Let s(m) = -6*m - 32. List the prime factors of s(y).
2, 19
Suppose -n - 3*i = 2*i - 410, -3*n + 5*i = -1330. List the prime factors of n.
3, 5, 29
List the prime factors of -109*(-5 - 5 - 9).
19, 109
Let v = 115 - 71. Let j = 53 - v. List the prime factors of j.
3
Let t(k) = -k**2 - k + 10. Suppose 2*a + 3*c - 9 = 7*a, 3*a + 4*c - 12 = 0. Let v be t(a). Let p = 20 + v. List the prime factors of p.
2, 3, 5
Let o(d) = -d**3 + 12*d**2 - 7*d - 19. Let v be (-728)/(-78) - 4/3. What are the prime factors of o(v)?
181
Suppose 5*v + 5*d + 422 = 1307, 0 = -v + 4*d + 192. Let a = v + -103. List the prime factors of a.
7, 11
Suppose -210*l - 4*p = -205*l - 576, 5*p = 5*l - 585. What are the prime factors of l?
2, 29
Let l = 17 + -13. Suppose -112 + l = -6*m. Let r = -13 + m. What are the prime factors of r?
5
Let z(r) = -r**2 + 7*r - 7. Let w(l) = 2*l**2 - 16*l - 13. Let n be w(9). List the prime factors of z(n).
3
Let m(c) = 2*c - 35. Let f(q) = q - 17. Let i(r) = -13*f(r) + 6*m(r). Let a be i(6). Suppose 56 = -p + a*p. What are the prime factors of p?
2, 7
Let b be 2/6*(2 - -1). Let o(n) = 0 - b + 2 - n. What are the prime factors of o(-8)?
3
What are the prime factors of (-2 + (-25)/(-15))*(-6204 - 3)?
2069
List the prime factors of (79/2)/(24/48).
79
Let d(j) = -5*j + 20. Let k be d(11). Let l = 56 - k. Let s = l - 61. What are the prime factors of s?
2, 3, 5
Suppose 0*f - 5*f = -15. Suppose -3*x + 181 = f*u - 5*x, 2*x = 2*u - 124. Suppose 0 = 4*j + 5*n - 111, 2*j + 5*n + u = 5*j. What are the prime factors of j?
2, 3
Let j = -16 + 59. Let t = 17 + j. What are the prime factors of t?
2, 3, 5
Let j = -7 + 9. Suppose -16 = -3*v - j*l, -2*v = -5*l + 4 - 2. List the prime factors of v/(-26) + (-316)/(-26).
2, 3
Let s(l) = 11*l + 26. List the prime factors of s(23).
3, 31
Let t = -96 + 486. Suppose 8*z = -7*z + t. What are the prime factors of z?
2, 13
Suppose c - 5*g = -2*c + 61, 4 = 2*c + 4*g. Suppose c*v = 13*v. List the prime factors of (-3 - -16)/1 + v.
13
Let x = -125 - -270. Let u = 218 - x. What are the prime factors of u?
73
Suppose 4*x = -4*i + 364, 0 = -5*x - 1 + 6. Let h = i + -17. List the prime factors of h.
73
Let p(m) = -m**3 - 8*m**2 + 9*m + 2. Let w be p(-9). Suppose -w*h - 2*h = -200. What are the prime factors of h?
2, 5
Let h = 16806 + -5031. What are the prime factors of 3/(78/(-4)) - h/(-65)?
181
Suppose 0 = -5*q + 4*s + 3791, -648 = -q - 4*s + 115. What are the prime factors of q?
3, 11, 23
Let l(c) = 4*c + 14. Let g be l(8). Suppose g*i - 176 = 42*i. List the prime factors of i.
2, 11
Let x = -1173 - -1285. What are the prime factors of x?
2, 7
Suppose 4*s + f - 41 = 0, -s - 4*f - 2 + 1 = 0. Suppose -3*t - s = -5. Let o = t - -21. What are the prime factors of o?
19
Suppose -14 + 285 = b. What are the prime factors of b?
271
Let h(v) = -6*v**3 + 3*v**2 - 13*v - 4. Let r be h(3). Let f = -49 - r. List the prime factors of f.
3, 43
Let n(w) be the first derivative of 0*w - 2 - 1/2*w**2 + 7/3*w**3. What are the prime factors of n(1)?
2, 3
Suppose 5*q + 2*j + 2 = 1, q + 5*j = -14. Suppose -t - q = -6. Suppose -t*k + 17 + 38 = 0. What are the prime factors of k?
11
Suppose 0 = -3*d + 7*d - 20. Suppose 2*b = -2*b + 96. Suppose d*w + 0*w + 3 = 2*a, 4*w + b = 4*a. What are the prime factors of a?
3
Suppose 485*c + 15497 = 488*c - 5*v, 0 = 5*c + 4*v - 25890. What are the prime factors of c?
2, 13, 199
Let m(l) = -l**3 - 17*l**2 - 11*l - 36. What are the prime factors of m(-18)?
2, 3
Let k(r) = r**3 + 12*r**2 - 3*r + 57. What are the prime factors of k(-9)?
3, 109
Let a = -7 + 11. Suppose -a*w = -2*w - 8. Suppose w = -5*r + 214. What are the prime factors of r?
2, 3, 7
What are the prime factors of 1423 + 12 + (0 - 9)?
2, 23, 31
Let p(b) = 4*b - 6. Let t be p(2). Suppose 2*l - 323 + 1431 = 5*r, 0 = -2*r + t*l + 448. List the prime factors of r.
2, 5, 11
Suppose -5517 - 2862 = -19*u. List the prime factors of u.
3, 7
Let t = 92 + -22. Suppose 2*l - 222 = t. What are the prime factors of l?
2, 73
Let p(g) = g - 7. Let v be p(10). Suppose -20 = -v*t - t. Suppose 2*r - t*q = 29, 4*r = 3*r - 3*q + 42. What are the prime factors of r?
3
Suppose 5*i = 4*i + h + 4312, 4*h = -4*i + 17208. What are the prime factors of i?
59, 73
Let k = -747 - -1085. List the prime factors of k.
2, 13
Suppose -13*z + 4965 = -8*z. What are the prime factors of z?
3, 331
Suppose 3*a = -i + 458, -a = 5*i - 6*a - 2250. What are the prime factors of i?
2, 113
Let s(v) = v + 15. Let r be s(-8). Suppose 0*c + 152 = -8*c. Let u = r - c. List the prime factors of u.
2, 13
Suppose 5*p - 60*g + 58*g - 940 = 0, 0 = p - g - 188. List the prime factors of p.
2, 47
Let x be (-4)/20 + 12/10. Suppose -j + 1 + x = 0. Suppose -56 = -j*n - 2*h, 6*n - 3*h - 116 = n. What are the prime factors of n?
5
Let l = 1300 + 332. List the prime factors of l.
2, 3, 17
Let m be (-36)/(-8) + 15/10. Let k be 4/m*372/(-8). Let d = 25 - k. List the prime factors of d.
2, 7
Suppose 0 = -21*r + 15*r + 2022. What are the prime factors of r?
337
Let f = -1554 + 1730. What are the prime factors of f?
2, 11
Let z(l) = -l**2 + 5*l + 8. Let h be z(6). List the prime factors of (1 + 1)/h*11.
11
Let y be 0 - 11/(-2)*40. Suppose 0 = -18*h - 8*h + 130. Suppose h*p = -80 + y. List the prime factors of p.
2, 7
Let p(h) = 15. Let b(m) = -m - 1. Let j(t) = b(t) + p(t). Let o be j(8). Suppose -1 - o = -z. List the prime factors of z.
7
Suppose 0 = k - 3*k + 36. Let h be ((-9)/(-6))/(1/k). Let j = h - -2. What are the prime factors of j?
29
Suppose 4*o - 2*x - 1754 = 0, -5*o + 1764 = 3*x - 401. List the prime factors of o.
2, 109
Let m(w) = -8*w - 7 - 8 + 0*w**2 + 3*w**2. List the prime factors of m(9).
2, 3, 13
Let p be (-16)/10*1*(-5)/2. Suppose 4*c - p*s - 38 = -2*s, -c = -s - 10. List the prime factors of c.
3
Let l = 35 - -91. Let k = l - 197. Let x = -35 - k. List the prime factors of x.
2, 3
Suppose 4*f = 0, -4*m + 635 = m + 3*f. Suppose -4*c + m = -5*v, 27 = -5*c + 5*v + 182. List the prime factors of c.
2, 7
Suppose -2 = 4*l + 2*a, -l + 2*a + 2 = l. Suppose -5*r = -20, -492 = -4*d - 3*r - l*r. List the prime factors of d.
2, 3, 5
Let k(f) be the third derivative of -f**4/4 + 17*f**3/6 - 7*f**2. List the prime factors of k(-18).
5
Let j(g) = 749*g**2 - 3*g - 1. List the prime factors of j(1).
5, 149
Let v be ((-2)/5)/(((-51)/30)/17). Suppose o = -v*q + 150, -2*o - 2*o - 3*q + 561 = 0. What are the prime factors of o?
2, 3, 23
Suppose 3*l + l - 12 = 0. Suppose -4*k = -k + l, 3*k + 203 = 5*h. List the prime factors of h.
2, 5
Let i(f) = -f + 2. Let r be i(-3). Suppose 121 + 189 = r*u. Suppose 0 = -18*x + 20*x - u. What are the prime factors of x?
31
Suppose 26*r - 70848 - 32996 = 0. List the prime factors of r.
2, 1997
Let q(b) = 26*b**2 - 2*b - 17. What are the prime factors of q(-3)?
223
List the prime factors of 191*14 - (11 + 169/(-13)).
2, 3, 223
Suppose 10*o = -146 + 4266. What are the prime factors of o?
2, 103
Let w(z) = -2*z**3 + 51*z**2 + 52*z - 168. What are the prime factors of w(26)?
2, 127
Let g be (1/(-1))/(-1) + (-9)/(-3). Suppose 0 = -g*o - 306 + 1026. What are the prime factors of o?
2, 3, 5
Let v = 30 - 21. Let h be 0/2 + v + -7. What are the prime factors of 5/(-1*h/(-2))?
5
What are the prime factors of (-1989)/(-78)*134*1?
3, 17, 67
Suppose 4*w = -w + 105. Suppose 0 = 3*n - 5*u - 14, 0 = 3*n - 5*n + u + w. Suppose n = 3*i - 8. What are the prime factors of i?
7
Let p = 1757 - 1048. What are the prime factors of p?
709
Let k be (1 - 12/9)*-12. Suppose -2*f + 16 = -4*v + k, -5*v - f = 8. List the prime factors of (35 - 7) + v + -1.
5
Suppose 29 = k + 3*r - 7*r, 82 = 4*k + r. Let p be 90/k + (-2)/7. Suppose 0 = -5*f + 3*x + 212, -96 = f - 3*f + p*x. List the prime factors of f.
2, 5
Let b(p) = 411*p**2 - 2*p + 1. Suppose -l + 1 = -0. Let j be b(l). What are the prime factors of (-3)/2*j/(-15)?
41
Let t = -772 + 1148. What are the prime factors of t?
2, 47
Let d be ((-1410)/(-25))/(3/15). 